
What is 27 - (0 - (37 - 38))?
26
What is -4 + 1 + 8 + 7 - (-3 + 0)?
15
5 + 0 - -3 - (-1 + 7 - -28)
-26
What is the value of (-4 - (-6 - (1 - 5))) + 1?
-1
24 - (-15 + -11) - 27
23
Calculate (0 - (-4 + -3)) + (-42 - -28).
-7
What is the value of 36 + -7 + (37 - 51)?
15
Evaluate 1 + 14 + -1 + -4 + -2 + -17.
-9
Evaluate -2 + (7 + -2 - (8 - 5)) + 20.
20
Evaluate (1 - (25 - -9)) + 21.
-12
Calculate 4 + 0 + 26 - 33.
-3
What is -16 + -10 + 6 + (15 - 6) + 3?
-8
Evaluate -10 + -2 - (-15 - -7).
-4
What is the value of -1 - (-10 - (10 - (15 - 3)))?
7
Evaluate 5 + (-1 + -10 - (1 - 25)).
18
Evaluate ((9 - 0) + 8 - 12) + 2 + -35.
-28
What is -1 + 1 + 4 + -92 + 86 + -4?
-6
What is the value of -1 - 2 - (-26 - (-23 - -21) - -6)?
15
What is 11 - (10 + -5) - (1 + 8)?
-3
What is the value of (-13 + 12 - -24) + -11?
12
What is the value of -8 + 5 + 8 - -6?
11
Calculate -4 + 7 - (29 + -31).
5
What is the value of -4 + 12 + -7 + -12?
-11
Evaluate -3 + (-2 + 22 - (62 + -46)).
1
Calculate (2 - (-6 + 20) - (4 - 3)) + 3.
-10
What is the value of (12 - (-9 + 13)) + (2 - 2)?
8
Evaluate 8 + 67 + -76 + -1 + -7.
-9
What is -2 + -4 + (-66 - -50 - (3 - 1))?
-24
What is the value of 18 - ((3 - 0) + -8 + 13)?
10
What is the value of 3 + -14 - (-17 + -6 + -15 - -4)?
23
What is the value of 9 + -1 - (1 - (2 + (4 - 5)))?
8
What is 9 + -21 - (22 + (6 - 14))?
-26
Calculate -12 + (0 - 0) - (-43 - (22 + -61)).
-8
What is the value of (-13 - -17) + -3 + -8 + 2 + -1?
-6
5 + (-152 - -141 - (-7 - -1))
0
Evaluate -4 - ((6 - 7) + 10 - (-6 - -12)).
-7
-24 + (5 - -1) + 0 + 11 + -12
-19
What is the value of -24 + -3 + 45 - 5?
13
What is the value of (8 + -13 + 10 - 5) + (0 - 1)?
-1
Calculate 9 + -19 + 8 + 3.
1
What is the value of (-9 - 3) + 40 + 7 + -11?
24
Calculate (10 + -21 - -21) + 2 + -29.
-17
What is the value of (-30 - (-26 - -9)) + 25?
12
0 - (-5 + (-3 - -2) + 3) - -5
8
What is the value of (15 - -2) + -8 + (5 - (2 - 0))?
12
13 - (10 + -3 + (-10 - -3) + 1)
12
Calculate 1 - -4 - (12 + (1 - (6 + -5))).
-7
Evaluate -26 + 9 + -3 + 16.
-4
Calculate -9 - (17 + -20 + 2).
-8
What is the value of 0 + -3 + (50 - 33) + (-1 - 0)?
13
Evaluate -5 - (-24 + 31 - (-2 - -8)).
-6
What is (3 - -13) + -6 + -10?
0
What is the value of 6 + (-19 - -15) - (-17 + 0)?
19
-5 - ((6 - 10) + (-4 - (1 + 3)))
7
Evaluate 16 - (27 + -3 + (-47 - -37)).
2
14 + (-50 + (-8 - -11) - -7)
-26
What is the value of (4 + 17 - 13) + (0 - -1)?
9
What is (-1224 - -1213) + (3 - (0 + -1))?
-7
What is the value of -9 + (2 - (22 - 12))?
-17
5 - (-19 - (-63 + 19))
-20
Calculate 1 - (10 - 9) - ((4 - 10) + 7).
-1
What is 18 - (21 + -16 + 13)?
0
Calculate 95 + -54 - (-1 + 15).
27
Calculate -28 - (-27 + -4 + 16).
-13
What is the value of (-2 - -26) + (18 - (63 + -34))?
13
Calculate -1 - ((52 - 26) + -4 + -2).
-21
What is the value of 5 - (-1 + (6 - -17 - (7 - 3)))?
-13
11 + -20 + (-1 - 10 - -21)
1
Calculate 3 + -4 - (38 + -29).
-10
Calculate (37 - (17 - -45)) + 36.
11
Calculate -13 + (14 - 29 - -16) + 37.
25
Calculate 60 + -58 - (1 + -6 - -3).
4
Evaluate -7 + (39 - 28) - 14.
-10
Calculate (0 - -6) + -18 + (-2 - -17) - 8.
-5
What is the value of 12 + -8 - -3 - (-3 - -28)?
-18
Calculate -6 - 14 - (-1 + (0 - 0) - -3).
-22
Evaluate 1 - -57 - 27 - (2 + -8).
37
What is the value of 9 + -7 + 12 - (-4 - -10)?
8
What is the value of 9 + (7 - 14) + -15 + -2?
-15
What is the value of 0 + 9 - (11 - 2 - 4)?
4
What is (-14 - -9 - -16) + 2?
13
7 - (18 - (20 + -19))
-10
15 + -8 - ((-3 - 13) + -10)
33
Calculate -8 - (-2 - (12 + -2)) - (-8 - -2).
10
1 + -1 + 7 + (-16 - (7 - 16))
0
(-6 - (8 - 17)) + 0 + 10
13
What is the value of -4 + 1 + -41 - (65 - 79)?
-30
What is the value of -5 + 12 - 4 - -2?
5
18 + (14 - 34) + -5
-7
-30 + (-37 + 49 - (5 + 2))
-25
What is -5 + -4 + 1 - (7 + -12)?
-3
13 + (-2 - 7) + -2 + 3 - -16
21
What is -4 + (-8 - (25 + -44))?
7
What is the value of 7 + -22 + -6 + 5?
-16
75 - 108 - 15 - (-11 + -1)
-36
-27 - (-13 - -1) - -2
-13
What is the value of 10 - (-2 - (-3 + -22)) - 3?
-16
Evaluate -29 + 4 - (-20 + -22).
17
Calculate 89 - 70 - (15 - 0).
4
Evaluate -26 - ((6 - -1) + (14 - (8 + 17))).
-22
Evaluate (6 + 4 + -12 - (-1 + 1)) + 13.
11
What is the value of -26 + 11 - (-9 + 2) - (2 + -11)?
1
-1 - (-3 + 3 + 0 + -1 + -3)
3
Calculate 7 + -7 + 16 + -20.
-4
122 - 116 - (9 + -1 - 0) - -9
7
What is the value of 45 + (7 - -3) + -23?
32
What is 29 + (-38 - (15 - 15))?
-9
-2 + 3 + -3 + -32 + (14 - -26)
6
Evaluate (37 - 28 - 11) + -11.
-13
What is the value of -5 + (8 - 14) + -1 + 11?
-1
What is the value of -8 + 6 + (12 - 8) + (-3 - -6)?
5
What is -12 + -15 + 5 - -1?
-21
What is -26 + 60 - 33 - -21?
22
Calculate (-101 - -115) + (-3 - -4).
15
Calculate -21 + 1 + 5 + 3.
-12
Evaluate -12 - (1 - (15 + -23)).
-21
What is -32 - (-3 + (6 - 13))?
-22
-88 + 110 + (-14 - -1) - -13
22
What is 40 + (-85 + 26 - -32)?
13
What is the value of 4 - (3 - 3 - 4) - 17?
-9
Calculate 21 - (32 - (-1 - -35)).
23
What is -29 - -22 - (-2 + -17)?
12
Evaluate -1 - -13 - (-362 - -372).
2
23 - ((9 - 9) + 14)
9
-10 - (36 + (-20 - 48))
22
What is (-7 - (6 + (-2 - 5))) + (-18 - -14)?
-10
Calculate (-22 - -17) + (1 - 1).
-5
What is the value of 27 - (40 + -16 + -2) - (19 - 1)?
-13
Calculate (20 + -44 - -13) + 4.
-7
Evaluate (4 - 5 - 0) + -18 + (66 - 19).
28
What is the value of 11 + (-22 - (7 + (-5 - 2)))?
-11
What is the value of (-24 - -6) + -3 - -28?
7
What is (9 - (-16 + -2) - -8) + -11?
24
What is -7 + (4 - -4) + (16 - 11)?
6
What is 7 + -1 - (-13 + 55 + -31)?
-5
What is the value of -21 - (0 - (10 + -10 + 9))?
-12
Calculate 82 + -113 + (15 - 2).
-18
-8 + -7 + 9 - (-29 - (1 + -3))
21
Evaluate 5 + 12 - (-52 + 51).
18
What is the value of 62 - 64 - (1 - 12)?
9
Calculate -8 + (-22 - (-27 + 1)).
-4
What is (-2 + 1 - 3) + 61 + 62 + -128?
-9
What is the value of (-3 - (-5 + 13)) + (-11 - (-17 + -1))?
-4
-20 + (3 - -5) + -5 + (0 - 2)
-19
Calculate 4 + 2 + -13 + 6.
-1
Evaluate 4 + (-38 - -34) + 19.
19
What is the value of (-7 - (0 - 0)) + (-7 - -1 - -6)?
-7
Calculate -6 - ((137 - 134) + (-5 - 0) + 2).
-6
What is the value of 19 + (-2 - 37) - -19?
-1
What is 27 + 2 + -27 + 12 + 5?
19
1 + (15 - (5 + 22))
-11
Calculate (7 + -16 - -11) + 3 + -12 - -45.
38
Calculate -44 - -46 - (2 + 16 - -1 - 0).
-17
Calculate 2 - 1 - -6 - (-92 + 80).
19
Evaluate (10 + -6 - 5) + 17.
16
Evaluate -8 - ((-18 - -19) + -11).
2
What is the value of 13 + (-3 - 1) + (7 + -6 - -3)?
13
-16 - -11 - (-3 - 5) - -9
12
Evaluate 22 + -43 + 25 + 12.
16
Evaluate 9 + (-12 - -14) + 1.
12
-13 - -3 - (-25 + 26)
-11
(1 - -4) + 4 + -12 + 1
-2
What is -14 + -5 + 6 - (23 + -25)?
-11
Evaluate -2 - -29 - (-699 - -720).
6
Calculate 20 - 5 - (-1 + -4 + 7).
13
What is the value of (2 + 1 - (3 - -4) - 21) + 7?
-18
What is -15 - ((8 - -38) + -36)?
-25
-6 + 2 + -44 + (17 - -17)
-14
What is 14 + -20 + (0 - -4) - 2?
-4
-5 - (9 + -13) - (-6 - -7)
-2
-4 + 2 + (-8 - (-3 + 5 - 0))
-12
Evaluate 18 + -6 + (-4 - 13 - -8).
3
What is the value of -3 - (15 + (-6 - (-3 - -5)))?
-10
-1 + -1 + -28 + 157 + -143
-16
Evaluate (-21 - -17) + 20 + -36.
-20
(-10 - -2) + (-2 - 4 - -3 - -6)
-5
What is (0 - 3) + (-24 - -20) + 20?
13
-30 - (-12 - (27 + 0))
9
-2 - 3 - (-368 - -343)
20
What is -12 - (-5 + 0 + 2 + 8 - 10)?
-7
Calculate -15 - (11 + -23) - (-5 - (10 + 2)).
14
Calculate -7 + (2 - -18) + -9.
4
Calculate 30 - 0 - (25 + (-34 - -25)).
14
What is 11 + (-3 - 0 - 4) + 1?
5
1 - ((-5 - -9) + 1 - (4 + 1))
1
Calculate -2 - (-5 + 1) - (17 + -21) - -9.
15
Calculate 0 - 1 - (8 + (-1 - -4)).
-12
What is (-4 - 0) + -3 + 11 - 4 - -5?
5
0 - -11 - (31 + (-15 - (-27 + 27)))
-5
What is 0 + 0 + -14 + -2 + 32?
16
What is the value of -8 + 7 - (-9 - -2)?
6
Evaluate -4 - -4 - (-5 + -11).
16
Evaluate -3 + -42 + (46 - 35).
-34
Evaluate (-6 + 21 - -18) + -53.
-20
Evaluate -36 - -13 - (-5 + 5).
-23
-52 + 59 - (2 + -2) - (-1 - -18)
-10
Calculate -12 + (-5 + 4 - (-40 - -28)).
-1
10 + (22 - -5) + (-17 - (5 + -11))
26
Calculate 4 - ((-8 - -5) + 9).
-2
Calculate -3 - -2 - (-3 + -6 + 8).
0
Evaluate -10 - -1 - (-85 - -82) - (-5 - -1).
-2
What is the value of 3 + (-30 - -18) + 4 + -1 + -2?
-8
-50 - 7 - (111 - 149)
-19
What is the value of 8 - -1 - (8 + (-28 - -13) + 7)?
9
What is -9 + (36 + -14 - 4)?
9
What is 17 - ((136 - 153) + 2 + -1)?
33
What is the value of 7 + (-3 + 10 + -27 - -